 + 22 = 0, -5*u - 4*a + 35 = -7. Suppose 3220 = -u*y + 15*y. What is the units digit of y?
4
Suppose -2*z + 4 = -2*m, 3*m - 2*z + 0*z = -2. Suppose -1402 = -m*c + 3*j, -2*c = 4*j - 694 - 680. What is the units digit of c?
5
Let m(c) = -3*c**2 + 11*c**3 + 4*c**2 + 0*c - c + 8 - 12*c**3. Let l be m(0). What is the units digit of 217/5 - 5/(100/l)?
3
Let f = 39 - 37. Suppose f*t - 11 = -7. Suppose -5*z - w + 455 = 0, -366 = -4*z - 2*w - t. What is the units digit of z?
1
Let r(x) = x**2 + 5*x - 14. Let o be ((-2 - -30)/4)/((-2)/(-50)). Suppose 0 = 10*l - 45 + o. What is the units digit of r(l)?
0
Suppose -4*o - 3*w = -8*o + 276, 0 = 5*o + 3*w - 345. Suppose o = d - x, -6 = -4*x + 2. What is the units digit of d?
1
What is the thousands digit of 11376/8*-8*1/(-3)?
3
Suppose -4*r + 10642 = 3*m - 5837, 2*m = 2*r + 10986. What is the tens digit of m?
9
What is the thousands digit of (-3034528)/(-252) - (29/(-9) + 12/4)?
2
Suppose -26810 = -9*m + 1405. What is the tens digit of m?
3
Suppose 0 = -4*l + 2*l + 6. Let v(m) = -10*m**3 + 8*m - l*m**2 + 3*m**3 - 7*m**3 - 2 - 14*m. What is the units digit of v(-2)?
0
Let t be 30/(-30)*-1*5. Suppose 67 = t*r - w - 94, 3*w - 12 = 0. Let y = r - -133. What is the tens digit of y?
6
Let k be -1 - (6 - (-834)/(-1)). Let h = k + -324. What is the tens digit of h?
0
Let k = 1495 + -1002. Suppose -768 = -5*z - 4*t, 117 = 4*z + t - k. What is the hundreds digit of z?
1
Suppose -14944 = -3*m + 5*v - 2438, -3*m + 12526 = 5*v. What is the units digit of m?
2
Let r = -43 - -49. Suppose r*k - 17 = 1. Suppose 0 = d + 3*t - 4*t - 55, 0 = k*d + t - 161. What is the tens digit of d?
5
Let a be 84/252 - (-3356)/(-6)*-47. Suppose -16*j + a = 3025. What is the thousands digit of j?
1
Let p = -7839 + 17730. Suppose -34*l + p = -4933. What is the units digit of l?
6
Let i(s) be the first derivative of 3*s**5/20 - 5*s**4/24 - s**3/3 + s**2/2 + 1. Let m(a) be the second derivative of i(a). What is the tens digit of m(-3)?
9
Suppose -21*d = 3*d - 1290408. What is the units digit of d/63 + (-1 - (-25)/45)?
3
Suppose 566 = j - 0*j - 4*g, 2*j = 2*g + 1138. Suppose 6*n = 3432 + j. Suppose -5*c + 23 = -n. What is the units digit of c?
8
Let v be (-2)/6 + (-4 - 656/(-6)). Let w = v + -25. What is the tens digit of w?
8
Suppose 5*y = -4*y + 60624. Suppose -20*o + y = -1524. What is the hundreds digit of o?
4
Let p(q) = 34*q**2 - 112*q - 1588. What is the thousands digit of p(-41)?
0
Suppose -20*i + 25*i = -4*d + 14, 0 = i - 2*d - 14. Let c(m) = -21*m**2. Let x be c(1). What is the units digit of ((-34)/i + 1 + -5)*x?
3
Let d = -2886 + 8343. What is the units digit of d?
7
Suppose -104*k = -89*k - 53895. What is the units digit of k?
3
What is the tens digit of (0 - 35839/(-6)) + (-1179)/7074?
7
Suppose 0 = 3*d + 6 + 9. Let z(r) = 28*r + 12. Let q be z(d). Let b = q + 221. What is the units digit of b?
3
Let x(w) = w**3 + 5*w**2 - 406*w - 64. What is the units digit of x(34)?
6
Let u(r) = -836*r - 769. What is the units digit of u(-14)?
5
Suppose -25589 = -3*z - 10094. What is the units digit of z?
5
What is the thousands digit of ((-6)/(-2) - -25873) + (-21 - -22 - 2)?
5
Let r be 6/2*(30/9 - 3). Suppose 4*l + r = 9. Suppose -20 = -l*d + 2. What is the tens digit of d?
1
Suppose -l + 1006 = -139. Suppose -2*z = -3*g - l, -g = 10*z - 5*z - 2871. What is the units digit of z?
4
Suppose 24*g + 16*g = -92*g + 9509676. What is the units digit of g?
3
Let b be (6/(-5))/(9/(-90)). Let v = b - 21. Let t(j) = j**2. What is the units digit of t(v)?
1
Suppose 14 - 131 = -3*o. Suppose 0 = -24*r + 26*r - 52. Let j = o - r. What is the tens digit of j?
1
Let y be 2/(219/(-840) - 2/(-7)). Let a = y - 75. Suppose -2*x - 3*x + a*k = -355, 91 = x + 3*k. What is the units digit of x?
6
What is the thousands digit of (63/(-28)*-20)/((-5 + 1)/(-340))?
3
Let w = -65746 + 94662. What is the units digit of w?
6
Suppose 499*r - 172*r - 7532772 = 0. What is the thousands digit of r?
3
Suppose 114*u + 2*u - 2083 = 32369. What is the units digit of u?
7
Let r(d) = 6202*d**3 - d**2 + 10*d - 9. What is the hundreds digit of r(1)?
2
Let r(y) = -y**3 + 16*y**2 - 9*y - 21. Let j be r(13). Suppose 11*v = 2976 - j. What is the hundreds digit of v?
2
Suppose -4*i - 4*u + 79204 = 10884, 3*i - u = 51220. What is the units digit of i?
5
Let a(u) = -19*u**3 + 12*u**2 + 6*u - 8. Let b be a(-8). Suppose m - 37*m + b = 0. What is the tens digit of m?
9
Suppose 118*i - 115*i - 110 = -5*v, 0 = -2*i. Let m(n) = 2*n**2 - 9*n + 9. Let y be m(7). Let b = y - v. What is the tens digit of b?
2
Let g be 110/770 - ((-34)/7 + 1). Suppose 10*z + 5208 = g*p + 12*z, -3*p + 3906 = z. What is the hundreds digit of p?
3
Let n = 2885 - 1569. Suppose -n = -4*c - 3*j, c + 5*j + 306 = 2*c. Suppose -5*w + z + 61 = -c, w + z = 81. What is the units digit of w?
8
Let r(b) be the first derivative of -7*b**2/2 - 44*b + 58. What is the units digit of r(-18)?
2
Let o(r) be the second derivative of r**6/360 + r**5/30 - r**4/2 - 5*r**3/6 + 21*r. Let g(i) be the second derivative of o(i). What is the tens digit of g(5)?
3
Let d be (-4)/18 + 18368/(-369). What is the tens digit of 3170/4*(10 + 460/d)?
3
Let z = 34 + -23. Suppose -3*o + z = -s - 3, 0 = 3*o + 3*s + 6. Suppose o*c - 300 = -3*h, h + 5*c = 98 + 22. What is the units digit of h?
5
Suppose 79 = 21*y - 5. Suppose -o = 5, -y*f - o + 5*o = -3260. What is the hundreds digit of f?
8
Let k be ((-9)/180*-8)/(1/(-1185)). Let y = 818 + k. Let f = -170 + y. What is the tens digit of f?
7
Let r(u) = 38*u**3 + 7*u + 43*u**3 - 86*u**3 - 7 - 2*u**2. Let s be r(-7). Suppose 16*h = 9*h + s. What is the tens digit of h?
2
Let t be (-1)/(-2) - 39/(-26). What is the hundreds digit of t/(56/21620) + (-1)/7?
7
Let t be (-2)/(-4)*4 + (100 - -5). Let k = t - 10. Suppose 0 = 2*m - 5*l - k, l = 3*m - 2 - 150. What is the units digit of m?
1
What is the units digit of 1/5*132/(-11)*-6630?
2
Let h = -20 + 16. Let u = h - 33. What is the units digit of -1 - (3 - (3 - u))?
6
Suppose -8507549 - 2149909 - 6475542 = -375*v. What is the ten thousands digit of v?
4
Let v(m) = 3*m + 0 + 2*m**2 + 7*m + 5 - 1. Let o be 25/(-10)*(-3 - -1). What is the hundreds digit of v(o)?
1
Let j be (-21)/126 - 3542/(-12). Let r = j - 292. What is the units digit of r?
3
Let h(w) = -w**2 + w + 14. Let b be h(-3). Suppose -z + 193 = 3*i, -b*i + 4*z = 9*z - 133. What is the tens digit of i*-4*(-15)/40?
9
Let a(s) = 10*s**2 - 47*s - 235. Let n be a(-5). Let i = n + -240. What is the tens digit of i?
1
Let v(i) = 2*i**2 - 7*i - 161. Let p be v(11). Suppose -h - 3*q + 1669 = 0, -4*h + p*q = -8013 + 1353. What is the thousands digit of h?
1
Suppose 125 = d - 89. Suppose 5*g + 247 = 2*p + 2*g, 3*p - g = 381. Let j = d - p. What is the tens digit of j?
8
Suppose -5*y - 89021 - 13678 = -4*l, 4*y = 3*l - 77025. What is the units digit of l?
1
Let v = 890 + 1174. Suppose 5896 = 8*x - v. What is the hundreds digit of x?
9
Let x(a) = a**3 - 14*a**2 + 41*a - 7. Let m be x(10). Suppose 8*d = -m*d + 6864. What is the hundreds digit of d?
6
What is the tens digit of -162 + 167 + 1 + (-7865)/(-1)?
7
Suppose 138*n - 9282673 = -230*n + 1793391. What is the units digit of n?
8
Let l = 2633 + 6852. What is the hundreds digit of l?
4
Let p(x) = x**3 - x**2 + 3*x + 94. Let y be p(0). Let a = 160 - y. What is the units digit of a - 5/10*2?
5
Let a(n) = 2*n**2 + 2*n + 39. Let o be a(-18). Suppose -o = -6*y + 531. Let p = y + -58. What is the tens digit of p?
3
Suppose -3*l - 6*j + 7*j = -43140, 2*j = -4*l + 57540. What is the hundreds digit of l?
3
Let t(p) = -643*p**3 + 2*p**2 + 3*p + 2. Suppose 3*r = 25*r + 22. What is the hundreds digit of t(r)?
6
Suppose -135*j = -18*j - 3161808. What is the tens digit of j?
2
Let v(h) = 11*h**2 + 12*h + 5. Let r be v(-2). Let n(j) = j**3 - 23*j**2 - 43*j + 52. What is the hundreds digit of n(r)?
2
Suppose -2*x - 59 = -3*b, -2*x - 38 = 7*b - 9*b. What is the units digit of 322 + ((-40)/(-420) - 2/b)?
2
What is the thousands digit of (723 - (5 - 96/18))*162/12?
9
Let j = 16 + -10. Let m(x) = 7*x + 8*x**3 + 2*x - 7*x**3 - 7*x**2 - 6 + 0. What is the units digit of m(j)?
2
Let d(z) = 15*z**2 - 798*z - 204. What is the thousands digit of d(-48)?
2
Suppose 25*o = 27*o - 4*p - 1852, 4*o + 2*p = 3